{"id":1860,"date":"2024-06-09T01:15:22","date_gmt":"2024-06-08T23:15:22","guid":{"rendered":"https:\/\/www.k6gestioncultural.com\/nuestros-servicios\/argitalpenak\/"},"modified":"2024-11-07T11:46:59","modified_gmt":"2024-11-07T10:46:59","slug":"argitalpenak","status":"publish","type":"servicios","link":"https:\/\/k6gestioncultural.com\/eu\/gure-zerbitzuak\/argitalpenak\/","title":{"rendered":"Argitalpenak"},"content":{"rendered":"\n<div class=\"wp-block-columns is-not-stacked-on-mobile is-layout-flex wp-container-core-columns-is-layout-9d6595d7 wp-block-columns-is-layout-flex\">\n<div class=\"wp-block-column is-layout-flow wp-block-column-is-layout-flow\"><\/div>\n\n\n\n<div class=\"wp-block-column is-layout-flow wp-block-column-is-layout-flow\">\n<p>Generamos publicaciones sobre gesti\u00f3n cultural y proyectos culturales, educativos y art\u00edsticos para la creaci\u00f3n y compartici\u00f3n de procesos y aprendizajes desde la reflexi\u00f3n, observaci\u00f3n y escucha de distintas voces.<\/p>\n\n\n\n<p>Nos ocupamos de todo el proceso que involucra la creaci\u00f3n de publicaciones, desde la ideaci\u00f3n y dise\u00f1o editorial hasta la documentaci\u00f3n, gesti\u00f3n de contenidos y su producci\u00f3n. <\/p>\n\n\n\n<ul class=\"wp-block-list\">\n<li>Ideia eta diseinu editoriala<\/li>\n\n\n\n<li>Dokumentazioa<\/li>\n\n\n\n<li>Curaci\u00f3n y gesti\u00f3n de contenidos<\/li>\n\n\n\n<li>Koordinazioa eta Ekoizpena<\/li>\n\n\n\n<li>Difusi\u00f3n y distribuci\u00f3<\/li>\n<\/ul>\n<\/div>\n<\/div>\n\n<div class=\"wp-block-cover is-light\"><span aria-hidden=\"true\" class=\"wp-block-cover__background has-orange-background-color has-background-dim-100 has-background-dim\"><\/span><div class=\"wp-block-cover__inner-container is-layout-constrained wp-block-cover-is-layout-constrained\">\n<div style=\"height:80px\" aria-hidden=\"true\" class=\"wp-block-spacer\"><\/div>\n\n\n\n<div class=\"wp-block-columns are-vertically-aligned-center is-layout-flex wp-container-core-columns-is-layout-9d6595d7 wp-block-columns-is-layout-flex\">\n<div class=\"wp-block-column is-vertically-aligned-center is-layout-flow wp-block-column-is-layout-flow\">\n<h3 class=\"wp-block-heading\">Sensibilizar y despertar conciencia de manera l\u00fadica y experiencial<\/h3>\n<\/div>\n\n\n\n<div class=\"wp-block-column is-vertically-aligned-center is-layout-flow wp-block-column-is-layout-flow\"><\/div>\n<\/div>\n\n\n\n<div style=\"height:80px\" aria-hidden=\"true\" class=\"wp-block-spacer\"><\/div>\n<\/div><\/div>\n","protected":false},"excerpt":{"rendered":"<p>Generamos publicaciones sobre gesti\u00f3n cultural y proyectos culturales, educativos y art\u00edsticos para la creaci\u00f3n y compartici\u00f3n de procesos y aprendizajes desde la reflexi\u00f3n, observaci\u00f3n y escucha de distintas voces. Nos ocupamos de todo el proceso que involucra la creaci\u00f3n de publicaciones, desde la ideaci\u00f3n y dise\u00f1o editorial hasta la documentaci\u00f3n, gesti\u00f3n de contenidos y su [&hellip;]<\/p>\n","protected":false},"author":3,"featured_media":0,"parent":0,"menu_order":0,"template":"","tags":[],"class_list":["post-1860","servicios","type-servicios","status-publish","hentry"],"acf":[],"_links":{"self":[{"href":"https:\/\/k6gestioncultural.com\/eu\/wp-json\/wp\/v2\/servicios\/1860","targetHints":{"allow":["GET"]}}],"collection":[{"href":"https:\/\/k6gestioncultural.com\/eu\/wp-json\/wp\/v2\/servicios"}],"about":[{"href":"https:\/\/k6gestioncultural.com\/eu\/wp-json\/wp\/v2\/types\/servicios"}],"author":[{"embeddable":true,"href":"https:\/\/k6gestioncultural.com\/eu\/wp-json\/wp\/v2\/users\/3"}],"wp:attachment":[{"href":"https:\/\/k6gestioncultural.com\/eu\/wp-json\/wp\/v2\/media?parent=1860"}],"wp:term":[{"taxonomy":"post_tag","embeddable":true,"href":"https:\/\/k6gestioncultural.com\/eu\/wp-json\/wp\/v2\/tags?post=1860"}],"curies":[{"name":"wp","href":"https:\/\/api.w.org\/{rel}","templated":true}]}}

<div class="wp-block-columns is-not-stacked-on-mobile is-layout-flex wp-container-core-columns-is-layout-9d6595d7 wp-block-columns-is-layout-flex">
<div class="wp-block-column is-layout-flow wp-block-column-is-layout-flow"></div>



<div class="wp-block-column is-layout-flow wp-block-column-is-layout-flow">
<p>Generamos publicaciones sobre gestión cultural y proyectos culturales, educativos y artísticos para la creación y compartición de procesos y aprendizajes desde la reflexión, observación y escucha de distintas voces.</p>



<p>Nos ocupamos de todo el proceso que involucra la creación de publicaciones, desde la ideación y diseño editorial hasta la documentación, gestión de contenidos y su producción. </p>



<ul class="wp-block-list">
<li>Ideia eta diseinu editoriala</li>



<li>Dokumentazioa</li>



<li>Curación y gestión de contenidos</li>



<li>Koordinazioa eta Ekoizpena</li>



<li>Difusión y distribució</li>
</ul>
</div>
</div>

<div class="wp-block-cover is-light"><span aria-hidden="true" class="wp-block-cover__background has-orange-background-color has-background-dim-100 has-background-dim"></span><div class="wp-block-cover__inner-container is-layout-constrained wp-block-cover-is-layout-constrained">
<div style="height:80px" aria-hidden="true" class="wp-block-spacer"></div>



<div class="wp-block-columns are-vertically-aligned-center is-layout-flex wp-container-core-columns-is-layout-9d6595d7 wp-block-columns-is-layout-flex">
<div class="wp-block-column is-vertically-aligned-center is-layout-flow wp-block-column-is-layout-flow">
<h3 class="wp-block-heading">Sensibilizar y despertar conciencia de manera lúdica y experiencial</h3>
</div>



<div class="wp-block-column is-vertically-aligned-center is-layout-flow wp-block-column-is-layout-flow"></div>
</div>



<div style="height:80px" aria-hidden="true" class="wp-block-spacer"></div>
</div></div>

<p>Generamos publicaciones sobre gestión cultural y proyectos culturales, educativos y artísticos para la creación y compartición de procesos y aprendizajes desde la reflexión, observación y escucha de distintas voces. Nos ocupamos de todo el proceso que involucra la creación de publicaciones, desde la ideación y diseño editorial hasta la documentación, gestión de contenidos y su [&hellip;]</p>
